{"id":2069,"date":"2020-01-18T18:29:55","date_gmt":"2020-01-18T17:29:55","guid":{"rendered":"https:\/\/lesptitescroixdemagalie.fr\/?page_id=2069"},"modified":"2021-06-20T23:40:59","modified_gmt":"2021-06-20T21:40:59","slug":"carnet-d-adresses","status":"publish","type":"page","link":"https:\/\/lesptitescroixdemagalie.fr\/index.php\/carnet-d-adresses\/","title":{"rendered":"Carnet d&rsquo;adresses"},"content":{"rendered":"\n<div class=\"wp-block-image\"><figure class=\"aligncenter size-full is-resized\"><img fetchpriority=\"high\" decoding=\"async\" src=\"https:\/\/lesptitescroixdemagalie.fr\/wp-content\/uploads\/2019\/12\/Photo-prise-par-Bru-nO-scaled.jpg\" alt=\"\" class=\"wp-image-1907\" width=\"640\" height=\"480\" srcset=\"https:\/\/lesptitescroixdemagalie.fr\/wp-content\/uploads\/2019\/12\/Photo-prise-par-Bru-nO-scaled.jpg 2560w, https:\/\/lesptitescroixdemagalie.fr\/wp-content\/uploads\/2019\/12\/Photo-prise-par-Bru-nO-scaled-600x450.jpg 600w, https:\/\/lesptitescroixdemagalie.fr\/wp-content\/uploads\/2019\/12\/Photo-prise-par-Bru-nO-300x225.jpg 300w, https:\/\/lesptitescroixdemagalie.fr\/wp-content\/uploads\/2019\/12\/Photo-prise-par-Bru-nO-1024x768.jpg 1024w, https:\/\/lesptitescroixdemagalie.fr\/wp-content\/uploads\/2019\/12\/Photo-prise-par-Bru-nO-768x576.jpg 768w, https:\/\/lesptitescroixdemagalie.fr\/wp-content\/uploads\/2019\/12\/Photo-prise-par-Bru-nO-1536x1152.jpg 1536w, https:\/\/lesptitescroixdemagalie.fr\/wp-content\/uploads\/2019\/12\/Photo-prise-par-Bru-nO-2048x1536.jpg 2048w, https:\/\/lesptitescroixdemagalie.fr\/wp-content\/uploads\/2019\/12\/Photo-prise-par-Bru-nO-1170x878.jpg 1170w, https:\/\/lesptitescroixdemagalie.fr\/wp-content\/uploads\/2019\/12\/Photo-prise-par-Bru-nO-1920x1440.jpg 1920w, https:\/\/lesptitescroixdemagalie.fr\/wp-content\/uploads\/2019\/12\/Photo-prise-par-Bru-nO-585x439.jpg 585w\" sizes=\"(max-width: 640px) 100vw, 640px\" \/><figcaption><em>Source : Internet<\/em><\/figcaption><\/figure><\/div>\n\n\n\n<p class=\"has-text-align-center\" style=\"font-size:18px\"><strong>Vous trouverez sur cette page des adresses de mercerie (boutiques, sites web) o\u00f9 vous pourrez faire vos achats de fournitures. Je m\u2019efforcerai de la mettre \u00e0 jour du mieux possible.<br><br>Cette liste n\u2019est pas exhaustive et tout ajout de votre part est le bienvenu.<\/strong><br><br><\/p>\n\n\n\n<hr class=\"wp-block-separator has-text-color has-background has-black-background-color has-black-color\"\/>\n\n\n\n<h1 class=\"has-text-align-left wp-block-heading\"><br>Merceries parisiennes<\/h1>\n\n\n\n<h2 class=\"wp-block-heading\">Point de croix<br><br><\/h2>\n\n\n\n<h4 class=\"has-text-align-center wp-block-heading\">Les Brodeuses Parisiennes<\/h4>\n\n\n\n<p class=\"has-text-align-center has-normal-font-size\">Adresse : 1 Rue Fran\u00e7ois de Neufch\u00e2teau, 75011 Paris (M\u00b0 Voltaire)<\/p>\n\n\n\n<p class=\"has-normal-font-size\">Horaires : Mercredi au vendredi de 13h \u00e0 18h et 2 samedis par mois (voir les dates sur notre site internet)<br>T\u00e9l\u00e9phone : 01 40 24 20 80<br>Site : <a href=\"http:\/\/www.lesbrodeusesparisiennes.com\">www.lesbrodeusesparisiennes.com<\/a><br>Cat\u00e9gorie : Point de croix vintage<\/p>\n\n\n\n<hr class=\"wp-block-separator has-text-color has-background has-black-background-color has-black-color\"\/>\n\n\n\n<h4 class=\"has-text-align-center wp-block-heading\"><br><strong>L&rsquo;atelier du fil<\/strong> &#8211; Bleu de Chine<\/h4>\n\n\n\n<div class=\"wp-block-group alignwide\"><div class=\"wp-block-group__inner-container is-layout-flow wp-block-group-is-layout-flow\">\n<p class=\"has-text-align-center has-normal-font-size\">Adresse&nbsp;: 9 Rue Marsoulan, 75012 Paris (M\u00b0 Picpus)<\/p>\n<\/div><\/div>\n\n\n\n<p class=\"has-normal-font-size\">Horaires : Mardi au samedi de 10h \u00e0 14h et 15h \u00e0 19h, le jeudi sans interruption<br>T\u00e9l\u00e9phone&nbsp;: 01 43 43 18 23<br>Site web&nbsp;: <a href=\"http:\/\/www.latelierdufil.fr\/\">www.latelierdufil.fr<\/a><br>Cat\u00e9gories&nbsp;: point de croix, tricot, couture, ateliers.<\/p>\n\n\n\n<hr class=\"wp-block-separator has-text-color has-background has-black-background-color has-black-color is-style-default\"\/>\n\n\n\n<h4 class=\"has-text-align-center wp-block-heading\"><br>Fils &amp; Laines<br>La mercerie cr\u00e9ative<\/h4>\n\n\n\n<p class=\"has-text-align-center has-normal-font-size\">Adresse&nbsp;: 47-49 Rue Basfroi, 75011 Paris (M\u00b0 Voltaire)<\/p>\n\n\n\n<p class=\"has-normal-font-size\">Horaires : Mardi au vendredi de 10h \u00e0 19h et le samedi 10h \u00e0 18h30<br>T\u00e9l\u00e9phone&nbsp;: 01 43 72 13 59<br>Facebook, instagram : Mercerie Basfroi FilsetLaines<br>Cat\u00e9gories&nbsp;: point de croix, tricot, couture, loisirs cr\u00e9atifs.<\/p>\n\n\n\n<hr class=\"wp-block-separator has-text-color has-background has-black-background-color has-black-color\"\/>\n\n\n\n<h4 class=\"has-text-align-center wp-block-heading\"><br>La Maison du Bouton<\/h4>\n\n\n\n<p class=\"has-text-align-center has-normal-font-size\">Adresse&nbsp;: 12 Rue de Cotte, 75012 Paris (M\u00b0 Ledru-Rollin)<\/p>\n\n\n\n<p class=\"has-normal-font-size\">Horaires : Mardi au samedi de 9h \u00e0 19h, dimanche de 9h \u00e0 13h et le lundi de 14h30 \u00e0 18h<br>T\u00e9l\u00e9phone&nbsp;: 01 43 43 95 25<br>Site web&nbsp;: <a href=\"http:\/\/www.lamaisondubouton.fr\/\">www.lamaisondubouton.fr<\/a><br>Cat\u00e9gories&nbsp;: point de croix, boutons, autres\u2026<\/p>\n\n\n\n<hr class=\"wp-block-separator has-text-color has-background has-black-background-color has-black-color\"\/>\n\n\n\n<h4 class=\"has-text-align-center wp-block-heading\"><br>Au M\u00e8tre A Ruban<\/h4>\n\n\n\n<p class=\"has-text-align-center has-normal-font-size\">Adresse&nbsp;: 102 Rue de Belleville, 75020 Paris (M\u00b0 Pyr\u00e9n\u00e9es)<\/p>\n\n\n\n<p class=\"has-normal-font-size\">Horaires : Mardi au samedi de 9h30 \u00e0 19h et le mercredi de 9h30 \u00e0 13h30<br>T\u00e9l\u00e9phone&nbsp;: 01 47 97 42 88<br>Site web&nbsp;: <a href=\"http:\/\/www.aumetreruban.com\/\">www.aumetreruban.com<\/a><br>Une multitude de rubans, boutons et fils color\u00e9s ornent les murs de cette mercerie \u00e0 la devanture mauve.<br>Cat\u00e9gories&nbsp;: point de croix, fil (DMC), accessoires \u00e0 broder pour d\u00e9butants\/enfants, aiguilles, rubans, boutons.<\/p>\n\n\n\n<hr class=\"wp-block-separator has-text-color has-background has-black-background-color has-black-color\"\/>\n\n\n\n<h4 class=\"has-text-align-center wp-block-heading\"><br>Mercerie A Bout De Fil<\/h4>\n\n\n\n<p class=\"has-text-align-center has-normal-font-size\">Adresse&nbsp;: 14 Rue Michel Chasles, 75012 Paris (M\u00b0 Gare de Lyon)<\/p>\n\n\n\n<p class=\"has-normal-font-size\">Horaires : Lundi au samedi de 11h \u00e0 19h<br>T\u00e9l\u00e9phone&nbsp;: 06 83 36 35 72<br>Site web&nbsp;: <a href=\"http:\/\/www.aboutdefil.com\/\">www.aboutdefil.com<\/a><br>Cat\u00e9gories&nbsp;: point de croix, couture, tricot, ateliers.<\/p>\n\n\n\n<hr class=\"wp-block-separator has-text-color has-background has-black-background-color has-black-color\"\/>\n\n\n\n<h4 class=\"has-text-align-center wp-block-heading\"><br>La Boutonnerie<\/h4>\n\n\n\n<p class=\"has-text-align-center has-normal-font-size\">Adresse&nbsp;: 168 Rue St Charles, 75015 Paris (M\u00b0 Lourmel)<\/p>\n\n\n\n<p class=\"has-normal-font-size\">Horaires : Mardi au vendredi de 10h \u00e0 13h et de 14h30 \u00e0 17h30, et le samedi jusqu&rsquo;\u00e0 19h<br>T\u00e9l\u00e9phone&nbsp;: 01 45 57 33 03<br>Site web&nbsp;: <a href=\"http:\/\/www.laboutonnerie.fr\/\">www.laboutonnerie.fr<\/a><br>Cette petite boutique de quartier propose des articles de mercerie et des fournitures pour loisirs cr\u00e9atifs.<br>Cat\u00e9gories&nbsp;: point de croix, crochet, galons, couture.<\/p>\n\n\n\n<hr class=\"wp-block-separator has-text-color has-background has-black-background-color has-black-color\"\/>\n\n\n\n<h4 class=\"has-text-align-center wp-block-heading\"><br>La Boutique Modes &amp; Travaux<\/h4>\n\n\n\n<p class=\"has-text-align-center has-normal-font-size\">Adresse&nbsp;: 10, rue de la P\u00e9pini\u00e8re, 75008 PARIS (M\u00b0 Saint-Lazare, Saint-Augustin)<\/p>\n\n\n\n<p class=\"has-normal-font-size\">Horaires&nbsp;: Lundi au samedi de 10h \u00e0 19h<br>T\u00e9l\u00e9phone&nbsp;: 01.43.87.10.07<br>Le site internet ne propose pas de produit pour le point de croix.<br>Cat\u00e9gories&nbsp;: point de croix, fournitures, tricot, tissus, couture.<\/p>\n\n\n\n<hr class=\"wp-block-separator has-text-color has-background has-black-background-color has-black-color\"\/>\n\n\n\n<h4 class=\"has-text-align-center wp-block-heading\"><br>Le Bonheur des Dames<\/h4>\n\n\n\n<p class=\"has-text-align-center has-normal-font-size\">Adresse&nbsp;: 8 passage Verdreau, 75009 PARIS (M\u00b0 Le Peletier)<\/p>\n\n\n\n<p class=\"has-normal-font-size\">Boutique d\u00e9di\u00e9e \u00e0 la broderie et au point de croix proposant cr\u00e9ations, fournitures de mercerie et cours.<\/p>\n\n\n\n<p class=\"has-normal-font-size\">Horaires&nbsp;: Lundi au samedi 10h-14h 14h30-19h<br>T\u00e9l\u00e9phone&nbsp;: 01.45.23.06.11<br>Site web&nbsp;: <a href=\"http:\/\/www.bonheurdesdames.com\">www.bonheurdesdames.com<\/a><br>Cat\u00e9gories&nbsp;: point de croix.<\/p>\n\n\n\n<hr class=\"wp-block-separator has-text-color has-background has-black-background-color has-black-color\"\/>\n\n\n\n<h4 class=\"has-text-align-center wp-block-heading\"><br>Mercerie de Charonne<\/h4>\n\n\n\n<p class=\"has-text-align-center has-normal-font-size\">Adresse&nbsp;: 69 rue de Charonne, 75011 PARIS (M\u00b0 Charonne)<\/p>\n\n\n\n<p class=\"has-normal-font-size\">Horaires&nbsp;: Lundi au vendredi 10h-19h et le samedi 10h-17h<br>T\u00e9l\u00e9phone&nbsp;: 01.43.55.31.46<br>Site web&nbsp;: <a href=\"http:\/\/www.merceriedecharonne.com\">www.merceriedecharonne.com<\/a><br>Cat\u00e9gories&nbsp;: mercerie, couture.<\/p>\n\n\n\n<hr class=\"wp-block-separator has-text-color has-background has-black-background-color has-black-color\"\/>\n\n\n\n<h2 class=\"wp-block-heading\"><br><br><br>Autres<br><br><\/h2>\n\n\n\n<h4 class=\"has-text-align-center wp-block-heading\">Atelier de la cr\u00e9ation<\/h4>\n\n\n\n<p class=\"has-text-align-center has-normal-font-size\">Adresse&nbsp;: 13 bis Rue des Plantes, 75014 Paris (M\u00b0 Alesia)<\/p>\n\n\n\n<p>Horaires : Mardi au samedi de 10h \u00e0 19h<br>T\u00e9l\u00e9phone\u00a0: 01 57 05 79 25<br>Site web\u00a0: <a href=\"http:\/\/www.atelierdelacreation.com\/\">www.atelierdelacreation.com<\/a><br>Cat\u00e9gories\u00a0: Laine, tissus, tricot, mercerie couture, ateliers<\/p>\n\n\n\n<hr class=\"wp-block-separator has-text-color has-background has-black-background-color has-black-color\"\/>\n\n\n\n<h4 class=\"has-text-align-center wp-block-heading\"><br>I.D.M.<\/h4>\n\n\n\n<p class=\"has-text-align-center has-normal-font-size\">Adresse&nbsp;: 8 Rue Fran\u00e7aise, 75002 Paris (M\u00b0 Etienne Marcel, Ch\u00e2telet)<\/p>\n\n\n\n<p class=\"has-normal-font-size\">Horaires : Lundi au vendredi de 9h \u00e0 18h, le samedi jusqu&rsquo;\u00e0 12h<br>T\u00e9l\u00e9phone\u00a0: 01 42 33 95 67<br>Site web\u00a0: <a href=\"http:\/\/www.idmmercerie.com\/\">www.idmmercerie.com<\/a><br>Cat\u00e9gories\u00a0: fil (DMC, autres\u2026), couture, charm\u2019s, machine \u00e0 coudre,\u2026<\/p>\n\n\n\n<hr class=\"wp-block-separator has-text-color has-background has-black-background-color has-black-color\"\/>\n\n\n\n<h4 class=\"has-text-align-center wp-block-heading\"><br>Mercerie Paris Star<\/h4>\n\n\n\n<p class=\"has-text-align-center has-normal-font-size\">Adresse&nbsp;: 12 Villa d&rsquo;Est\u00e9, 75013 Paris (M\u00b0 Porte d\u2019Ivry)<\/p>\n\n\n\n<p class=\"has-normal-font-size\">Horaires : Lundi, mardi et du jeudi au samedi de 10h \u00e0 14h et de 15h \u00e0 18h<br>T\u00e9l\u00e9phone\u00a0: 01 45 83 37 13<br>Cat\u00e9gories\u00a0: fils, couture, charm\u2019s.<\/p>\n\n\n\n<hr class=\"wp-block-separator has-text-color has-background has-black-background-color has-black-color\"\/>\n\n\n\n<h4 class=\"has-text-align-center wp-block-heading\"><br>Mercerie<\/h4>\n\n\n\n<p class=\"has-text-align-center has-normal-font-size\">Adresse&nbsp;: 121 Rue de la Glaci\u00e8re, 75013 Paris (M\u00b0 Glaci\u00e8re)<\/p>\n\n\n\n<p><br>Horaires : Mardi au samedi de 11h \u00e0 19h<br>Cat\u00e9gories\u00a0: aiguilles \u00e0 broder, canevas, laines, couture.<\/p>\n\n\n\n<hr class=\"wp-block-separator has-text-color has-background has-black-background-color has-black-color\"\/>\n\n\n\n<h4 class=\"has-text-align-center wp-block-heading\"><br>Mercerie Saint-Pierre<\/h4>\n\n\n\n<p class=\"has-text-align-center has-normal-font-size\">Adresse&nbsp;: 6 Rue Charles Nodier, 75018 Paris (M\u00b0 Abbesses, Quartier Saint-Pierre)<\/p>\n\n\n\n<p class=\"has-normal-font-size\">Horaires : Lundi au vendredi de 10h \u00e0 18h30 et le samedi jusqu&rsquo;\u00e0 19h<br>T\u00e9l\u00e9phone\u00a0: 01 46 06 00 74<\/p>\n\n\n\n<hr class=\"wp-block-separator has-text-color has-background has-black-background-color has-black-color\"\/>\n\n\n\n<h4 class=\"has-text-align-center wp-block-heading\"><br>Mercerie La Bo\u00eete \u00c0 Couture<\/h4>\n\n\n\n<p class=\"has-text-align-center has-normal-font-size\">Adresse&nbsp;: 10 Rue d&rsquo;Orsel, 75018 Paris (M\u00b0 Abbesses, Quartier Saint-Pierre)<\/p>\n\n\n\n<p class=\"has-normal-font-size\">Horaires : Lundi au samedi de 9h30 \u00e0 18h15<br>T\u00e9l\u00e9phone\u00a0: 01 42 64 66 67<\/p>\n\n\n\n<hr class=\"wp-block-separator has-text-color has-background has-black-background-color has-black-color\"\/>\n\n\n\n<h4 class=\"has-text-align-center wp-block-heading\"><br>Brin de cousette<\/h4>\n\n\n\n<p class=\"has-text-align-center has-normal-font-size\">Adresse&nbsp;: 2 rue Richard Lenoir, 75011 PARIS (M\u00b0 Charonne)<\/p>\n\n\n\n<p class=\"has-normal-font-size\">Horaires&nbsp;: Mardi au samedi 12h-19h<br>T\u00e9l\u00e9phone&nbsp;: 01.48.42.06.27<br>Site web&nbsp;: <a href=\"http:\/\/www.brindecousette.com\">www.brindecousette.com<\/a><br>Cat\u00e9gories&nbsp;: mercerie fine, cours de couture.<\/p>\n\n\n\n<hr class=\"wp-block-separator has-text-color has-background has-black-background-color has-black-color\"\/>\n\n\n\n<h4 class=\"has-text-align-center wp-block-heading\"><br>La Droguerie<\/h4>\n\n\n\n<p class=\"has-text-align-center has-normal-font-size\">Adresse&nbsp;: 9-11 Rue du Jour, 75001 Paris (M\u00b0 Etienne Marcel)<\/p>\n\n\n\n<p class=\"has-normal-font-size\">Cette mercerie r\u00e9put\u00e9e propose laines et aiguilles, boutons, rubans et fournitures pour cr\u00e9er ses bijoux.<\/p>\n\n\n\n<p class=\"has-normal-font-size\">Horaires : Lundi au samedi de 10h \u00e0 19h<br>T\u00e9l\u00e9phone\u00a0: 01 45 08 93 27<br>Fax : 01 42 36 30 80<br>Site web\u00a0: <a href=\"http:\/\/www.ladroguerie.com\/\">www.ladroguerie.com<\/a><br>E-mail : ruedujour@ladroguerie.com<br>Cat\u00e9gories\u00a0: accessoires pour loisirs cr\u00e9atifs<\/p>\n\n\n\n<hr class=\"wp-block-separator has-text-color has-background has-black-background-color has-black-color\"\/>\n\n\n\n<h4 class=\"has-text-align-center wp-block-heading\"><br>La Mercerie Parisienne<\/h4>\n\n\n\n<p class=\"has-text-align-center has-normal-font-size\">Adresse&nbsp;: 8 Rue des Francs Bourgeois, 75003 Paris (M\u00b0 Saint Paul \u2013 Chemiin Vert \u2013 Sully Morland)<\/p>\n\n\n\n<p class=\"has-normal-font-size\">Boutique vaste et claire, meubl\u00e9e de meubles en bois patin\u00e9s, vendant boutons, rubans, accessoires et tissus.<\/p>\n\n\n\n<p class=\"has-normal-font-size\">Horaires : Lundi au samedi de 10h30 \u00e0 19h<br>T\u00e9l\u00e9phone\u00a0: 01 48 87 58 98<br>Site Web\u00a0: <a href=\"http:\/\/www.lamerceriepariesienne.com\/\">www.lamerceriepariesienne.com<\/a><br>Cat\u00e9gories\u00a0: Tricot, couture, boutons.<\/p>\n\n\n\n<hr class=\"wp-block-separator has-text-color has-background has-black-background-color has-black-color is-style-default\"\/>\n\n\n\n<h1 class=\"wp-block-heading\"><br>Merceries en ligne<br><br><\/h1>\n\n\n\n<p class=\"has-normal-font-size\">.\u2702 La Maison du Canevas et de la Broderie : mercerie de point de croix, <a href=\"http:\/\/www.canevas.com\">www.canevas.com<\/a><br><br>.\u2702 Univers Broderie : Fils DMC, point de croix et canevas, <a href=\"http:\/\/www.universbroderie.com\">www.universbroderie.com<\/a><br><br>.\u2702 Rascol : <a href=\"http:\/\/www.rascol.com\">www.rascol.com<\/a><br><br>.\u2702 DMC : Leader des loisirs cr\u00e9atifs textiles, <a href=\"http:\/\/www.dmc.com\">www.dmc.com<\/a><br><br>.\u2702 <a href=\"http:\/\/www.la-brodeuse.com\">www.la-brodeuse.com<\/a><br><br>.\u2702 Broderie Passion : Broderie traditionnelle et point de croix compt\u00e9, <a href=\"http:\/\/www.broderiepassion.com\">www.broderiepassion.com<\/a><br><br>.\u2702 La Croix et la Mani\u00e8re : Lin au m\u00e8tre, galons, rubans, boutons et fils \u00e0 broder dans cette mercerie tendance au d\u00e9cor \u00e0 l&rsquo;ancienne, <a href=\"http:\/\/www.lacroixetlamaniere.com\/\">www.lacroixetlamaniere.com<\/a><br><br><br>Vous pouvez trouver d&rsquo;autres sites en faisant une recherche sur internet.<br><br><\/p>\n","protected":false},"excerpt":{"rendered":"<p>Vous trouverez sur cette page des adresses de mercerie (boutiques, sites web) o\u00f9 vous pourrez faire&hellip;<\/p>\n","protected":false},"author":1,"featured_media":0,"parent":0,"menu_order":0,"comment_status":"closed","ping_status":"closed","template":"","meta":{"inline_featured_image":false,"_monsterinsights_skip_tracking":false,"_monsterinsights_sitenote_active":false,"_monsterinsights_sitenote_note":"","_monsterinsights_sitenote_category":0,"footnotes":""},"class_list":["post-2069","page","type-page","status-publish","hentry"],"yoast_head":"<!-- This site is optimized with the Yoast SEO plugin v27.5 - https:\/\/yoast.com\/product\/yoast-seo-wordpress\/ -->\n<title>Carnet d&#039;adresses - Les p\u2018tites croix de Magalie par Magalie Vincendon<\/title>\n<meta name=\"robots\" content=\"index, follow, max-snippet:-1, max-image-preview:large, max-video-preview:-1\" \/>\n<link rel=\"canonical\" href=\"https:\/\/lesptitescroixdemagalie.fr\/index.php\/carnet-d-adresses\/\" \/>\n<meta property=\"og:locale\" content=\"fr_FR\" \/>\n<meta property=\"og:type\" content=\"article\" \/>\n<meta property=\"og:title\" content=\"Carnet d&#039;adresses - Les p\u2018tites croix de Magalie par Magalie Vincendon\" \/>\n<meta property=\"og:description\" content=\"Vous trouverez sur cette page des adresses de mercerie (boutiques, sites web) o\u00f9 vous pourrez faire&hellip;\" \/>\n<meta property=\"og:url\" content=\"https:\/\/lesptitescroixdemagalie.fr\/index.php\/carnet-d-adresses\/\" \/>\n<meta property=\"og:site_name\" content=\"Les p\u2018tites croix de Magalie par Magalie Vincendon\" \/>\n<meta property=\"article:modified_time\" content=\"2021-06-20T21:40:59+00:00\" \/>\n<meta property=\"og:image\" content=\"https:\/\/lesptitescroixdemagalie.fr\/wp-content\/uploads\/2019\/12\/Photo-prise-par-Bru-nO-scaled.jpg\" \/>\n<meta name=\"twitter:card\" content=\"summary_large_image\" \/>\n<meta name=\"twitter:label1\" content=\"Dur\u00e9e de lecture estim\u00e9e\" \/>\n\t<meta name=\"twitter:data1\" content=\"5 minutes\" \/>\n<script type=\"application\/ld+json\" class=\"yoast-schema-graph\">{\"@context\":\"https:\\\/\\\/schema.org\",\"@graph\":[{\"@type\":\"WebPage\",\"@id\":\"https:\\\/\\\/lesptitescroixdemagalie.fr\\\/index.php\\\/carnet-d-adresses\\\/\",\"url\":\"https:\\\/\\\/lesptitescroixdemagalie.fr\\\/index.php\\\/carnet-d-adresses\\\/\",\"name\":\"Carnet d'adresses - Les p\u2018tites croix de Magalie par Magalie Vincendon\",\"isPartOf\":{\"@id\":\"https:\\\/\\\/lesptitescroixdemagalie.fr\\\/#website\"},\"primaryImageOfPage\":{\"@id\":\"https:\\\/\\\/lesptitescroixdemagalie.fr\\\/index.php\\\/carnet-d-adresses\\\/#primaryimage\"},\"image\":{\"@id\":\"https:\\\/\\\/lesptitescroixdemagalie.fr\\\/index.php\\\/carnet-d-adresses\\\/#primaryimage\"},\"thumbnailUrl\":\"https:\\\/\\\/lesptitescroixdemagalie.fr\\\/wp-content\\\/uploads\\\/2019\\\/12\\\/Photo-prise-par-Bru-nO-scaled.jpg\",\"datePublished\":\"2020-01-18T17:29:55+00:00\",\"dateModified\":\"2021-06-20T21:40:59+00:00\",\"breadcrumb\":{\"@id\":\"https:\\\/\\\/lesptitescroixdemagalie.fr\\\/index.php\\\/carnet-d-adresses\\\/#breadcrumb\"},\"inLanguage\":\"fr-FR\",\"potentialAction\":[{\"@type\":\"ReadAction\",\"target\":[\"https:\\\/\\\/lesptitescroixdemagalie.fr\\\/index.php\\\/carnet-d-adresses\\\/\"]}]},{\"@type\":\"ImageObject\",\"inLanguage\":\"fr-FR\",\"@id\":\"https:\\\/\\\/lesptitescroixdemagalie.fr\\\/index.php\\\/carnet-d-adresses\\\/#primaryimage\",\"url\":\"https:\\\/\\\/lesptitescroixdemagalie.fr\\\/wp-content\\\/uploads\\\/2019\\\/12\\\/Photo-prise-par-Bru-nO-scaled.jpg\",\"contentUrl\":\"https:\\\/\\\/lesptitescroixdemagalie.fr\\\/wp-content\\\/uploads\\\/2019\\\/12\\\/Photo-prise-par-Bru-nO-scaled.jpg\",\"width\":2560,\"height\":1920},{\"@type\":\"BreadcrumbList\",\"@id\":\"https:\\\/\\\/lesptitescroixdemagalie.fr\\\/index.php\\\/carnet-d-adresses\\\/#breadcrumb\",\"itemListElement\":[{\"@type\":\"ListItem\",\"position\":1,\"name\":\"Accueil\",\"item\":\"https:\\\/\\\/lesptitescroixdemagalie.fr\\\/\"},{\"@type\":\"ListItem\",\"position\":2,\"name\":\"Carnet d&rsquo;adresses\"}]},{\"@type\":\"WebSite\",\"@id\":\"https:\\\/\\\/lesptitescroixdemagalie.fr\\\/#website\",\"url\":\"https:\\\/\\\/lesptitescroixdemagalie.fr\\\/\",\"name\":\"Les p\u2018tites croix de Magalie par Magalie Vincendon\",\"description\":\"Point de croix, D\u00e9tente, Partage &amp; Bien-Etre\",\"publisher\":{\"@id\":\"https:\\\/\\\/lesptitescroixdemagalie.fr\\\/#organization\"},\"potentialAction\":[{\"@type\":\"SearchAction\",\"target\":{\"@type\":\"EntryPoint\",\"urlTemplate\":\"https:\\\/\\\/lesptitescroixdemagalie.fr\\\/?s={search_term_string}\"},\"query-input\":{\"@type\":\"PropertyValueSpecification\",\"valueRequired\":true,\"valueName\":\"search_term_string\"}}],\"inLanguage\":\"fr-FR\"},{\"@type\":\"Organization\",\"@id\":\"https:\\\/\\\/lesptitescroixdemagalie.fr\\\/#organization\",\"name\":\"Les p'tites croix de Magalie\",\"url\":\"https:\\\/\\\/lesptitescroixdemagalie.fr\\\/\",\"logo\":{\"@type\":\"ImageObject\",\"inLanguage\":\"fr-FR\",\"@id\":\"https:\\\/\\\/lesptitescroixdemagalie.fr\\\/#\\\/schema\\\/logo\\\/image\\\/\",\"url\":\"https:\\\/\\\/lesptitescroixdemagalie.fr\\\/wp-content\\\/uploads\\\/2022\\\/07\\\/Logo-noir-fond-blanc.png\",\"contentUrl\":\"https:\\\/\\\/lesptitescroixdemagalie.fr\\\/wp-content\\\/uploads\\\/2022\\\/07\\\/Logo-noir-fond-blanc.png\",\"width\":280,\"height\":350,\"caption\":\"Les p'tites croix de Magalie\"},\"image\":{\"@id\":\"https:\\\/\\\/lesptitescroixdemagalie.fr\\\/#\\\/schema\\\/logo\\\/image\\\/\"}}]}<\/script>\n<!-- \/ Yoast SEO plugin. -->","yoast_head_json":{"title":"Carnet d'adresses - Les p\u2018tites croix de Magalie par Magalie Vincendon","robots":{"index":"index","follow":"follow","max-snippet":"max-snippet:-1","max-image-preview":"max-image-preview:large","max-video-preview":"max-video-preview:-1"},"canonical":"https:\/\/lesptitescroixdemagalie.fr\/index.php\/carnet-d-adresses\/","og_locale":"fr_FR","og_type":"article","og_title":"Carnet d'adresses - Les p\u2018tites croix de Magalie par Magalie Vincendon","og_description":"Vous trouverez sur cette page des adresses de mercerie (boutiques, sites web) o\u00f9 vous pourrez faire&hellip;","og_url":"https:\/\/lesptitescroixdemagalie.fr\/index.php\/carnet-d-adresses\/","og_site_name":"Les p\u2018tites croix de Magalie par Magalie Vincendon","article_modified_time":"2021-06-20T21:40:59+00:00","og_image":[{"url":"https:\/\/lesptitescroixdemagalie.fr\/wp-content\/uploads\/2019\/12\/Photo-prise-par-Bru-nO-scaled.jpg","type":"","width":"","height":""}],"twitter_card":"summary_large_image","twitter_misc":{"Dur\u00e9e de lecture estim\u00e9e":"5 minutes"},"schema":{"@context":"https:\/\/schema.org","@graph":[{"@type":"WebPage","@id":"https:\/\/lesptitescroixdemagalie.fr\/index.php\/carnet-d-adresses\/","url":"https:\/\/lesptitescroixdemagalie.fr\/index.php\/carnet-d-adresses\/","name":"Carnet d'adresses - Les p\u2018tites croix de Magalie par Magalie Vincendon","isPartOf":{"@id":"https:\/\/lesptitescroixdemagalie.fr\/#website"},"primaryImageOfPage":{"@id":"https:\/\/lesptitescroixdemagalie.fr\/index.php\/carnet-d-adresses\/#primaryimage"},"image":{"@id":"https:\/\/lesptitescroixdemagalie.fr\/index.php\/carnet-d-adresses\/#primaryimage"},"thumbnailUrl":"https:\/\/lesptitescroixdemagalie.fr\/wp-content\/uploads\/2019\/12\/Photo-prise-par-Bru-nO-scaled.jpg","datePublished":"2020-01-18T17:29:55+00:00","dateModified":"2021-06-20T21:40:59+00:00","breadcrumb":{"@id":"https:\/\/lesptitescroixdemagalie.fr\/index.php\/carnet-d-adresses\/#breadcrumb"},"inLanguage":"fr-FR","potentialAction":[{"@type":"ReadAction","target":["https:\/\/lesptitescroixdemagalie.fr\/index.php\/carnet-d-adresses\/"]}]},{"@type":"ImageObject","inLanguage":"fr-FR","@id":"https:\/\/lesptitescroixdemagalie.fr\/index.php\/carnet-d-adresses\/#primaryimage","url":"https:\/\/lesptitescroixdemagalie.fr\/wp-content\/uploads\/2019\/12\/Photo-prise-par-Bru-nO-scaled.jpg","contentUrl":"https:\/\/lesptitescroixdemagalie.fr\/wp-content\/uploads\/2019\/12\/Photo-prise-par-Bru-nO-scaled.jpg","width":2560,"height":1920},{"@type":"BreadcrumbList","@id":"https:\/\/lesptitescroixdemagalie.fr\/index.php\/carnet-d-adresses\/#breadcrumb","itemListElement":[{"@type":"ListItem","position":1,"name":"Accueil","item":"https:\/\/lesptitescroixdemagalie.fr\/"},{"@type":"ListItem","position":2,"name":"Carnet d&rsquo;adresses"}]},{"@type":"WebSite","@id":"https:\/\/lesptitescroixdemagalie.fr\/#website","url":"https:\/\/lesptitescroixdemagalie.fr\/","name":"Les p\u2018tites croix de Magalie par Magalie Vincendon","description":"Point de croix, D\u00e9tente, Partage &amp; Bien-Etre","publisher":{"@id":"https:\/\/lesptitescroixdemagalie.fr\/#organization"},"potentialAction":[{"@type":"SearchAction","target":{"@type":"EntryPoint","urlTemplate":"https:\/\/lesptitescroixdemagalie.fr\/?s={search_term_string}"},"query-input":{"@type":"PropertyValueSpecification","valueRequired":true,"valueName":"search_term_string"}}],"inLanguage":"fr-FR"},{"@type":"Organization","@id":"https:\/\/lesptitescroixdemagalie.fr\/#organization","name":"Les p'tites croix de Magalie","url":"https:\/\/lesptitescroixdemagalie.fr\/","logo":{"@type":"ImageObject","inLanguage":"fr-FR","@id":"https:\/\/lesptitescroixdemagalie.fr\/#\/schema\/logo\/image\/","url":"https:\/\/lesptitescroixdemagalie.fr\/wp-content\/uploads\/2022\/07\/Logo-noir-fond-blanc.png","contentUrl":"https:\/\/lesptitescroixdemagalie.fr\/wp-content\/uploads\/2022\/07\/Logo-noir-fond-blanc.png","width":280,"height":350,"caption":"Les p'tites croix de Magalie"},"image":{"@id":"https:\/\/lesptitescroixdemagalie.fr\/#\/schema\/logo\/image\/"}}]}},"_links":{"self":[{"href":"https:\/\/lesptitescroixdemagalie.fr\/index.php\/wp-json\/wp\/v2\/pages\/2069","targetHints":{"allow":["GET"]}}],"collection":[{"href":"https:\/\/lesptitescroixdemagalie.fr\/index.php\/wp-json\/wp\/v2\/pages"}],"about":[{"href":"https:\/\/lesptitescroixdemagalie.fr\/index.php\/wp-json\/wp\/v2\/types\/page"}],"author":[{"embeddable":true,"href":"https:\/\/lesptitescroixdemagalie.fr\/index.php\/wp-json\/wp\/v2\/users\/1"}],"replies":[{"embeddable":true,"href":"https:\/\/lesptitescroixdemagalie.fr\/index.php\/wp-json\/wp\/v2\/comments?post=2069"}],"version-history":[{"count":41,"href":"https:\/\/lesptitescroixdemagalie.fr\/index.php\/wp-json\/wp\/v2\/pages\/2069\/revisions"}],"predecessor-version":[{"id":3215,"href":"https:\/\/lesptitescroixdemagalie.fr\/index.php\/wp-json\/wp\/v2\/pages\/2069\/revisions\/3215"}],"wp:attachment":[{"href":"https:\/\/lesptitescroixdemagalie.fr\/index.php\/wp-json\/wp\/v2\/media?parent=2069"}],"curies":[{"name":"wp","href":"https:\/\/api.w.org\/{rel}","templated":true}]}}