{"id":1960,"date":"2019-12-08T15:00:03","date_gmt":"2019-12-08T14:00:03","guid":{"rendered":"https:\/\/lesptitescroixdemagalie.fr\/?page_id=1960"},"modified":"2021-09-11T22:43:37","modified_gmt":"2021-09-11T20:43:37","slug":"blog","status":"publish","type":"page","link":"https:\/\/lesptitescroixdemagalie.fr\/index.php\/blog\/","title":{"rendered":"Blog"},"content":{"rendered":"\n<div class=\"wp-block-image\"><figure class=\"aligncenter size-large is-resized\"><img fetchpriority=\"high\" decoding=\"async\" src=\"https:\/\/lesptitescroixdemagalie.fr\/wp-content\/uploads\/2019\/12\/Photosphere-1-1024x683.jpg\" alt=\"\" class=\"wp-image-1918\" width=\"768\" height=\"512\" srcset=\"https:\/\/lesptitescroixdemagalie.fr\/wp-content\/uploads\/2019\/12\/Photosphere-1-1024x683.jpg 1024w, https:\/\/lesptitescroixdemagalie.fr\/wp-content\/uploads\/2019\/12\/Photosphere-1-600x400.jpg 600w, https:\/\/lesptitescroixdemagalie.fr\/wp-content\/uploads\/2019\/12\/Photosphere-1-300x200.jpg 300w, https:\/\/lesptitescroixdemagalie.fr\/wp-content\/uploads\/2019\/12\/Photosphere-1-768x512.jpg 768w, https:\/\/lesptitescroixdemagalie.fr\/wp-content\/uploads\/2019\/12\/Photosphere-1-1170x780.jpg 1170w, https:\/\/lesptitescroixdemagalie.fr\/wp-content\/uploads\/2019\/12\/Photosphere-1-585x390.jpg 585w, https:\/\/lesptitescroixdemagalie.fr\/wp-content\/uploads\/2019\/12\/Photosphere-1-263x175.jpg 263w, https:\/\/lesptitescroixdemagalie.fr\/wp-content\/uploads\/2019\/12\/Photosphere-1.jpg 1200w\" sizes=\"(max-width: 768px) 100vw, 768px\" \/><figcaption><em>Source : Internet<\/em><\/figcaption><\/figure><\/div>\n\n\n\n<p class=\"has-text-align-center\" style=\"font-size:18px\"><strong>Bienvenue dans mon univers !<br><br>Je vous accompagne de la premi\u00e8re croix \u00e0 la derni\u00e8re, gr\u00e2ce \u00e0 mes <a href=\"https:\/\/lesptitescroixdemagalie.fr\/index.php\/tutos\/\">Tutos<\/a> et mes petits <a href=\"https:\/\/lesptitescroixdemagalie.fr\/index.php\/gratuits\/\">cadeaux<\/a> vous avancerez pas \u00e0 pas et \u00e0 votre rythme. <br><br>Je vous apporterai un peu de moi \u00e0 travers diff\u00e9rents sujets qui me tiennent \u00e0 c\u0153ur restant toujours dans mes domaines de pr\u00e9dilection, fa\u00eetes donc un tour sur ma page de pr\u00e9sentation en cliquant <a href=\"https:\/\/lesptitescroixdemagalie.fr\/index.php\/about\/\">ICI<\/a>.<br><br> Bien s\u00fbr, j\u2019attends un retour de votre part&nbsp;! Parlez-moi de vos passions, partagez vos exp\u00e9riences, amenez-moi dans vos univers&nbsp;!<br><br>@ tout de suite !<\/strong><\/p>\n\n\n\n<div class=\"wp-block-cover has-background-dim-40 has-background-dim\" style=\"min-height:150px;aspect-ratio:unset;\"><img decoding=\"async\" width=\"1920\" height=\"1238\" class=\"wp-block-cover__image-background wp-image-1897\" alt=\"\" src=\"https:\/\/lesptitescroixdemagalie.fr\/wp-content\/uploads\/2019\/12\/Image-parcongerdesign-de-Pixabay-.jpg\" style=\"object-position:50% 50%\" data-object-fit=\"cover\" data-object-position=\"50% 50%\" srcset=\"https:\/\/lesptitescroixdemagalie.fr\/wp-content\/uploads\/2019\/12\/Image-parcongerdesign-de-Pixabay-.jpg 1920w, https:\/\/lesptitescroixdemagalie.fr\/wp-content\/uploads\/2019\/12\/Image-parcongerdesign-de-Pixabay--600x387.jpg 600w, https:\/\/lesptitescroixdemagalie.fr\/wp-content\/uploads\/2019\/12\/Image-parcongerdesign-de-Pixabay--300x193.jpg 300w, https:\/\/lesptitescroixdemagalie.fr\/wp-content\/uploads\/2019\/12\/Image-parcongerdesign-de-Pixabay--1024x660.jpg 1024w, https:\/\/lesptitescroixdemagalie.fr\/wp-content\/uploads\/2019\/12\/Image-parcongerdesign-de-Pixabay--768x495.jpg 768w, https:\/\/lesptitescroixdemagalie.fr\/wp-content\/uploads\/2019\/12\/Image-parcongerdesign-de-Pixabay--1536x990.jpg 1536w, https:\/\/lesptitescroixdemagalie.fr\/wp-content\/uploads\/2019\/12\/Image-parcongerdesign-de-Pixabay--1170x754.jpg 1170w, https:\/\/lesptitescroixdemagalie.fr\/wp-content\/uploads\/2019\/12\/Image-parcongerdesign-de-Pixabay--585x377.jpg 585w\" sizes=\"(max-width: 1920px) 100vw, 1920px\" \/><div class=\"wp-block-cover__inner-container is-layout-flow wp-block-cover-is-layout-flow\">\n<p class=\"has-text-align-center has-text-color has-large-font-size\" style=\"color:#eaa7a1\"><a href=\"https:\/\/lesptitescroixdemagalie.fr\/index.php\/articles-du-blog\/\">Articles du blog<\/a><\/p>\n<\/div><\/div>\n\n\n\n<p><\/p>\n\n\n\n<div class=\"wp-block-columns is-layout-flex wp-container-core-columns-is-layout-9d6595d7 wp-block-columns-is-layout-flex\">\n<div class=\"wp-block-column is-layout-flow wp-block-column-is-layout-flow\">\n<div class=\"wp-block-cover has-background-dim-40 has-background-dim\" style=\"min-height:150px;aspect-ratio:unset;\"><img decoding=\"async\" width=\"2560\" height=\"1706\" class=\"wp-block-cover__image-background wp-image-1914\" alt=\"\" src=\"https:\/\/lesptitescroixdemagalie.fr\/wp-content\/uploads\/2019\/12\/Photo-prise-par-Riccardo-Bresciani-scaled.jpg\" data-object-fit=\"cover\" srcset=\"https:\/\/lesptitescroixdemagalie.fr\/wp-content\/uploads\/2019\/12\/Photo-prise-par-Riccardo-Bresciani-scaled.jpg 2560w, https:\/\/lesptitescroixdemagalie.fr\/wp-content\/uploads\/2019\/12\/Photo-prise-par-Riccardo-Bresciani-scaled-600x400.jpg 600w, https:\/\/lesptitescroixdemagalie.fr\/wp-content\/uploads\/2019\/12\/Photo-prise-par-Riccardo-Bresciani-300x200.jpg 300w, https:\/\/lesptitescroixdemagalie.fr\/wp-content\/uploads\/2019\/12\/Photo-prise-par-Riccardo-Bresciani-1024x683.jpg 1024w, https:\/\/lesptitescroixdemagalie.fr\/wp-content\/uploads\/2019\/12\/Photo-prise-par-Riccardo-Bresciani-768x512.jpg 768w, https:\/\/lesptitescroixdemagalie.fr\/wp-content\/uploads\/2019\/12\/Photo-prise-par-Riccardo-Bresciani-1536x1024.jpg 1536w, https:\/\/lesptitescroixdemagalie.fr\/wp-content\/uploads\/2019\/12\/Photo-prise-par-Riccardo-Bresciani-2048x1365.jpg 2048w, https:\/\/lesptitescroixdemagalie.fr\/wp-content\/uploads\/2019\/12\/Photo-prise-par-Riccardo-Bresciani-1170x780.jpg 1170w, https:\/\/lesptitescroixdemagalie.fr\/wp-content\/uploads\/2019\/12\/Photo-prise-par-Riccardo-Bresciani-1920x1280.jpg 1920w, https:\/\/lesptitescroixdemagalie.fr\/wp-content\/uploads\/2019\/12\/Photo-prise-par-Riccardo-Bresciani-585x390.jpg 585w, https:\/\/lesptitescroixdemagalie.fr\/wp-content\/uploads\/2019\/12\/Photo-prise-par-Riccardo-Bresciani-263x175.jpg 263w\" sizes=\"(max-width: 2560px) 100vw, 2560px\" \/><div class=\"wp-block-cover__inner-container is-layout-flow wp-block-cover-is-layout-flow\">\n<p class=\"has-text-align-center has-text-color has-large-font-size\" style=\"color:#eaa7a1\"><a href=\"https:\/\/lesptitescroixdemagalie.fr\/index.php\/galerie-du-blog\/\">Galerie du blog<\/a><\/p>\n<\/div><\/div>\n<\/div>\n\n\n\n<div class=\"wp-block-column is-layout-flow wp-block-column-is-layout-flow\">\n<div class=\"wp-block-cover has-background-dim-40 has-background-dim\" style=\"min-height:150px;aspect-ratio:unset;\"><img loading=\"lazy\" decoding=\"async\" width=\"1920\" height=\"1283\" class=\"wp-block-cover__image-background wp-image-1896\" alt=\"\" src=\"https:\/\/lesptitescroixdemagalie.fr\/wp-content\/uploads\/2019\/12\/Image-parAnna-Prosekova-de-Pixabay-.jpg\" data-object-fit=\"cover\" srcset=\"https:\/\/lesptitescroixdemagalie.fr\/wp-content\/uploads\/2019\/12\/Image-parAnna-Prosekova-de-Pixabay-.jpg 1920w, https:\/\/lesptitescroixdemagalie.fr\/wp-content\/uploads\/2019\/12\/Image-parAnna-Prosekova-de-Pixabay--600x401.jpg 600w, https:\/\/lesptitescroixdemagalie.fr\/wp-content\/uploads\/2019\/12\/Image-parAnna-Prosekova-de-Pixabay--300x200.jpg 300w, https:\/\/lesptitescroixdemagalie.fr\/wp-content\/uploads\/2019\/12\/Image-parAnna-Prosekova-de-Pixabay--1024x684.jpg 1024w, https:\/\/lesptitescroixdemagalie.fr\/wp-content\/uploads\/2019\/12\/Image-parAnna-Prosekova-de-Pixabay--768x513.jpg 768w, https:\/\/lesptitescroixdemagalie.fr\/wp-content\/uploads\/2019\/12\/Image-parAnna-Prosekova-de-Pixabay--1536x1026.jpg 1536w, https:\/\/lesptitescroixdemagalie.fr\/wp-content\/uploads\/2019\/12\/Image-parAnna-Prosekova-de-Pixabay--1170x782.jpg 1170w, https:\/\/lesptitescroixdemagalie.fr\/wp-content\/uploads\/2019\/12\/Image-parAnna-Prosekova-de-Pixabay--585x391.jpg 585w, https:\/\/lesptitescroixdemagalie.fr\/wp-content\/uploads\/2019\/12\/Image-parAnna-Prosekova-de-Pixabay--263x175.jpg 263w\" sizes=\"(max-width: 1920px) 100vw, 1920px\" \/><div class=\"wp-block-cover__inner-container is-layout-flow wp-block-cover-is-layout-flow\">\n<p class=\"has-text-align-center has-text-color has-large-font-size\" style=\"color:#eaa7a1\"><a href=\"https:\/\/lesptitescroixdemagalie.fr\/index.php\/tutos\/\">Tutos<\/a><\/p>\n<\/div><\/div>\n<\/div>\n<\/div>\n\n\n\n<div class=\"wp-block-columns is-layout-flex wp-container-core-columns-is-layout-9d6595d7 wp-block-columns-is-layout-flex\">\n<div class=\"wp-block-column is-layout-flow wp-block-column-is-layout-flow\">\n<div class=\"wp-block-cover has-background-dim-30 has-background-dim\" style=\"min-height:150px;aspect-ratio:unset;\"><img loading=\"lazy\" decoding=\"async\" width=\"1920\" height=\"1378\" class=\"wp-block-cover__image-background wp-image-1900\" alt=\"\" src=\"https:\/\/lesptitescroixdemagalie.fr\/wp-content\/uploads\/2019\/12\/Image-parGinta-P\u016b\u0137e-de-Pixabay-.jpg\" data-object-fit=\"cover\" srcset=\"https:\/\/lesptitescroixdemagalie.fr\/wp-content\/uploads\/2019\/12\/Image-parGinta-P\u016b\u0137e-de-Pixabay-.jpg 1920w, https:\/\/lesptitescroixdemagalie.fr\/wp-content\/uploads\/2019\/12\/Image-parGinta-P\u016b\u0137e-de-Pixabay--600x431.jpg 600w, https:\/\/lesptitescroixdemagalie.fr\/wp-content\/uploads\/2019\/12\/Image-parGinta-P\u016b\u0137e-de-Pixabay--300x215.jpg 300w, https:\/\/lesptitescroixdemagalie.fr\/wp-content\/uploads\/2019\/12\/Image-parGinta-P\u016b\u0137e-de-Pixabay--1024x735.jpg 1024w, https:\/\/lesptitescroixdemagalie.fr\/wp-content\/uploads\/2019\/12\/Image-parGinta-P\u016b\u0137e-de-Pixabay--768x551.jpg 768w, https:\/\/lesptitescroixdemagalie.fr\/wp-content\/uploads\/2019\/12\/Image-parGinta-P\u016b\u0137e-de-Pixabay--1536x1102.jpg 1536w, https:\/\/lesptitescroixdemagalie.fr\/wp-content\/uploads\/2019\/12\/Image-parGinta-P\u016b\u0137e-de-Pixabay--1170x840.jpg 1170w, https:\/\/lesptitescroixdemagalie.fr\/wp-content\/uploads\/2019\/12\/Image-parGinta-P\u016b\u0137e-de-Pixabay--585x420.jpg 585w\" sizes=\"(max-width: 1920px) 100vw, 1920px\" \/><div class=\"wp-block-cover__inner-container is-layout-flow wp-block-cover-is-layout-flow\">\n<p class=\"has-text-align-center has-text-color has-large-font-size\" style=\"color:#eaa7a1\"><a href=\"https:\/\/lesptitescroixdemagalie.fr\/index.php\/gratuits-2\/\">Gratuits<\/a><\/p>\n<\/div><\/div>\n<\/div>\n\n\n\n<div class=\"wp-block-column is-layout-flow wp-block-column-is-layout-flow\">\n<div class=\"wp-block-cover has-background-dim-40 has-background-dim\" style=\"min-height:150px;aspect-ratio:unset;\"><img loading=\"lazy\" decoding=\"async\" width=\"2560\" height=\"1564\" class=\"wp-block-cover__image-background wp-image-1937\" alt=\"\" src=\"https:\/\/lesptitescroixdemagalie.fr\/wp-content\/uploads\/2019\/12\/Canva-Old-Wooden-Drawers-Photo-prise-par-Pexels-scaled.jpg\" data-object-fit=\"cover\" srcset=\"https:\/\/lesptitescroixdemagalie.fr\/wp-content\/uploads\/2019\/12\/Canva-Old-Wooden-Drawers-Photo-prise-par-Pexels-scaled.jpg 2560w, https:\/\/lesptitescroixdemagalie.fr\/wp-content\/uploads\/2019\/12\/Canva-Old-Wooden-Drawers-Photo-prise-par-Pexels-scaled-600x367.jpg 600w, https:\/\/lesptitescroixdemagalie.fr\/wp-content\/uploads\/2019\/12\/Canva-Old-Wooden-Drawers-Photo-prise-par-Pexels-300x183.jpg 300w, https:\/\/lesptitescroixdemagalie.fr\/wp-content\/uploads\/2019\/12\/Canva-Old-Wooden-Drawers-Photo-prise-par-Pexels-1024x626.jpg 1024w, https:\/\/lesptitescroixdemagalie.fr\/wp-content\/uploads\/2019\/12\/Canva-Old-Wooden-Drawers-Photo-prise-par-Pexels-768x469.jpg 768w, https:\/\/lesptitescroixdemagalie.fr\/wp-content\/uploads\/2019\/12\/Canva-Old-Wooden-Drawers-Photo-prise-par-Pexels-1536x938.jpg 1536w, https:\/\/lesptitescroixdemagalie.fr\/wp-content\/uploads\/2019\/12\/Canva-Old-Wooden-Drawers-Photo-prise-par-Pexels-2048x1251.jpg 2048w, https:\/\/lesptitescroixdemagalie.fr\/wp-content\/uploads\/2019\/12\/Canva-Old-Wooden-Drawers-Photo-prise-par-Pexels-1170x715.jpg 1170w, https:\/\/lesptitescroixdemagalie.fr\/wp-content\/uploads\/2019\/12\/Canva-Old-Wooden-Drawers-Photo-prise-par-Pexels-1920x1173.jpg 1920w, https:\/\/lesptitescroixdemagalie.fr\/wp-content\/uploads\/2019\/12\/Canva-Old-Wooden-Drawers-Photo-prise-par-Pexels-585x357.jpg 585w\" sizes=\"(max-width: 2560px) 100vw, 2560px\" \/><div class=\"wp-block-cover__inner-container is-layout-flow wp-block-cover-is-layout-flow\">\n<p class=\"has-text-align-center has-text-color has-large-font-size\" style=\"color:#eaa7a1\"><a href=\"https:\/\/lesptitescroixdemagalie.fr\/index.php\/archives-du-blog\/\">Archives du blog<\/a><\/p>\n<\/div><\/div>\n<\/div>\n<\/div>\n\n\n\n<p><br><\/p>\n\n\n\n<div class=\"wp-block-cover has-background-dim\" style=\"min-height:150px;aspect-ratio:unset;\"><img loading=\"lazy\" decoding=\"async\" width=\"1170\" height=\"780\" class=\"wp-block-cover__image-background wp-image-1697\" alt=\"\" src=\"https:\/\/lesptitescroixdemagalie.fr\/wp-content\/uploads\/2018\/09\/dreamcatcher.jpg\" data-object-fit=\"cover\" srcset=\"https:\/\/lesptitescroixdemagalie.fr\/wp-content\/uploads\/2018\/09\/dreamcatcher.jpg 1170w, https:\/\/lesptitescroixdemagalie.fr\/wp-content\/uploads\/2018\/09\/dreamcatcher-600x400.jpg 600w, https:\/\/lesptitescroixdemagalie.fr\/wp-content\/uploads\/2018\/09\/dreamcatcher-300x200.jpg 300w, https:\/\/lesptitescroixdemagalie.fr\/wp-content\/uploads\/2018\/09\/dreamcatcher-768x512.jpg 768w, https:\/\/lesptitescroixdemagalie.fr\/wp-content\/uploads\/2018\/09\/dreamcatcher-1024x683.jpg 1024w, https:\/\/lesptitescroixdemagalie.fr\/wp-content\/uploads\/2018\/09\/dreamcatcher-585x390.jpg 585w, https:\/\/lesptitescroixdemagalie.fr\/wp-content\/uploads\/2018\/09\/dreamcatcher-263x175.jpg 263w\" sizes=\"(max-width: 1170px) 100vw, 1170px\" \/><div class=\"wp-block-cover__inner-container is-layout-flow wp-block-cover-is-layout-flow\">\n<p class=\"has-text-align-center has-text-color has-large-font-size\" style=\"color:#eaa7a1\"><a href=\"https:\/\/lesptitescroixdemagalie.fr\/index.php\/autres-passions\/\">Autres passions&#8230;<\/a><\/p>\n<\/div><\/div>\n\n\n\n<p><\/p>\n","protected":false},"excerpt":{"rendered":"<p>Bienvenue dans mon univers ! Je vous accompagne de la premi\u00e8re croix \u00e0 la derni\u00e8re, gr\u00e2ce&hellip;<\/p>\n","protected":false},"author":1,"featured_media":0,"parent":0,"menu_order":0,"comment_status":"closed","ping_status":"closed","template":"","meta":{"inline_featured_image":false,"_monsterinsights_skip_tracking":false,"_monsterinsights_sitenote_active":false,"_monsterinsights_sitenote_note":"","_monsterinsights_sitenote_category":0,"footnotes":""},"class_list":["post-1960","page","type-page","status-publish","hentry"],"yoast_head":"<!-- This site is optimized with the Yoast SEO plugin v27.5 - https:\/\/yoast.com\/product\/yoast-seo-wordpress\/ -->\n<title>Blog - Les p\u2018tites croix de Magalie par Magalie Vincendon<\/title>\n<meta name=\"robots\" content=\"index, follow, max-snippet:-1, max-image-preview:large, max-video-preview:-1\" \/>\n<link rel=\"canonical\" href=\"https:\/\/lesptitescroixdemagalie.fr\/index.php\/blog\/\" \/>\n<meta property=\"og:locale\" content=\"fr_FR\" \/>\n<meta property=\"og:type\" content=\"article\" \/>\n<meta property=\"og:title\" content=\"Blog - Les p\u2018tites croix de Magalie par Magalie Vincendon\" \/>\n<meta property=\"og:description\" content=\"Bienvenue dans mon univers ! Je vous accompagne de la premi\u00e8re croix \u00e0 la derni\u00e8re, gr\u00e2ce&hellip;\" \/>\n<meta property=\"og:url\" content=\"https:\/\/lesptitescroixdemagalie.fr\/index.php\/blog\/\" \/>\n<meta property=\"og:site_name\" content=\"Les p\u2018tites croix de Magalie par Magalie Vincendon\" \/>\n<meta property=\"article:modified_time\" content=\"2021-09-11T20:43:37+00:00\" \/>\n<meta property=\"og:image\" content=\"https:\/\/lesptitescroixdemagalie.fr\/wp-content\/uploads\/2019\/12\/Photosphere-1-1024x683.jpg\" \/>\n<meta name=\"twitter:card\" content=\"summary_large_image\" \/>\n<meta name=\"twitter:label1\" content=\"Dur\u00e9e de lecture estim\u00e9e\" \/>\n\t<meta name=\"twitter:data1\" content=\"2 minutes\" \/>\n<script type=\"application\/ld+json\" class=\"yoast-schema-graph\">{\"@context\":\"https:\\\/\\\/schema.org\",\"@graph\":[{\"@type\":\"WebPage\",\"@id\":\"https:\\\/\\\/lesptitescroixdemagalie.fr\\\/index.php\\\/blog\\\/\",\"url\":\"https:\\\/\\\/lesptitescroixdemagalie.fr\\\/index.php\\\/blog\\\/\",\"name\":\"Blog - Les p\u2018tites croix de Magalie par Magalie Vincendon\",\"isPartOf\":{\"@id\":\"https:\\\/\\\/lesptitescroixdemagalie.fr\\\/#website\"},\"primaryImageOfPage\":{\"@id\":\"https:\\\/\\\/lesptitescroixdemagalie.fr\\\/index.php\\\/blog\\\/#primaryimage\"},\"image\":{\"@id\":\"https:\\\/\\\/lesptitescroixdemagalie.fr\\\/index.php\\\/blog\\\/#primaryimage\"},\"thumbnailUrl\":\"https:\\\/\\\/lesptitescroixdemagalie.fr\\\/wp-content\\\/uploads\\\/2019\\\/12\\\/Photosphere-1-1024x683.jpg\",\"datePublished\":\"2019-12-08T14:00:03+00:00\",\"dateModified\":\"2021-09-11T20:43:37+00:00\",\"breadcrumb\":{\"@id\":\"https:\\\/\\\/lesptitescroixdemagalie.fr\\\/index.php\\\/blog\\\/#breadcrumb\"},\"inLanguage\":\"fr-FR\",\"potentialAction\":[{\"@type\":\"ReadAction\",\"target\":[\"https:\\\/\\\/lesptitescroixdemagalie.fr\\\/index.php\\\/blog\\\/\"]}]},{\"@type\":\"ImageObject\",\"inLanguage\":\"fr-FR\",\"@id\":\"https:\\\/\\\/lesptitescroixdemagalie.fr\\\/index.php\\\/blog\\\/#primaryimage\",\"url\":\"https:\\\/\\\/lesptitescroixdemagalie.fr\\\/wp-content\\\/uploads\\\/2019\\\/12\\\/Photosphere-1.jpg\",\"contentUrl\":\"https:\\\/\\\/lesptitescroixdemagalie.fr\\\/wp-content\\\/uploads\\\/2019\\\/12\\\/Photosphere-1.jpg\",\"width\":1200,\"height\":800},{\"@type\":\"BreadcrumbList\",\"@id\":\"https:\\\/\\\/lesptitescroixdemagalie.fr\\\/index.php\\\/blog\\\/#breadcrumb\",\"itemListElement\":[{\"@type\":\"ListItem\",\"position\":1,\"name\":\"Accueil\",\"item\":\"https:\\\/\\\/lesptitescroixdemagalie.fr\\\/\"},{\"@type\":\"ListItem\",\"position\":2,\"name\":\"Blog\"}]},{\"@type\":\"WebSite\",\"@id\":\"https:\\\/\\\/lesptitescroixdemagalie.fr\\\/#website\",\"url\":\"https:\\\/\\\/lesptitescroixdemagalie.fr\\\/\",\"name\":\"Les p\u2018tites croix de Magalie par Magalie Vincendon\",\"description\":\"Point de croix, D\u00e9tente, Partage &amp; Bien-Etre\",\"publisher\":{\"@id\":\"https:\\\/\\\/lesptitescroixdemagalie.fr\\\/#organization\"},\"potentialAction\":[{\"@type\":\"SearchAction\",\"target\":{\"@type\":\"EntryPoint\",\"urlTemplate\":\"https:\\\/\\\/lesptitescroixdemagalie.fr\\\/?s={search_term_string}\"},\"query-input\":{\"@type\":\"PropertyValueSpecification\",\"valueRequired\":true,\"valueName\":\"search_term_string\"}}],\"inLanguage\":\"fr-FR\"},{\"@type\":\"Organization\",\"@id\":\"https:\\\/\\\/lesptitescroixdemagalie.fr\\\/#organization\",\"name\":\"Les p'tites croix de Magalie\",\"url\":\"https:\\\/\\\/lesptitescroixdemagalie.fr\\\/\",\"logo\":{\"@type\":\"ImageObject\",\"inLanguage\":\"fr-FR\",\"@id\":\"https:\\\/\\\/lesptitescroixdemagalie.fr\\\/#\\\/schema\\\/logo\\\/image\\\/\",\"url\":\"https:\\\/\\\/lesptitescroixdemagalie.fr\\\/wp-content\\\/uploads\\\/2022\\\/07\\\/Logo-noir-fond-blanc.png\",\"contentUrl\":\"https:\\\/\\\/lesptitescroixdemagalie.fr\\\/wp-content\\\/uploads\\\/2022\\\/07\\\/Logo-noir-fond-blanc.png\",\"width\":280,\"height\":350,\"caption\":\"Les p'tites croix de Magalie\"},\"image\":{\"@id\":\"https:\\\/\\\/lesptitescroixdemagalie.fr\\\/#\\\/schema\\\/logo\\\/image\\\/\"}}]}<\/script>\n<!-- \/ Yoast SEO plugin. -->","yoast_head_json":{"title":"Blog - Les p\u2018tites croix de Magalie par Magalie Vincendon","robots":{"index":"index","follow":"follow","max-snippet":"max-snippet:-1","max-image-preview":"max-image-preview:large","max-video-preview":"max-video-preview:-1"},"canonical":"https:\/\/lesptitescroixdemagalie.fr\/index.php\/blog\/","og_locale":"fr_FR","og_type":"article","og_title":"Blog - Les p\u2018tites croix de Magalie par Magalie Vincendon","og_description":"Bienvenue dans mon univers ! Je vous accompagne de la premi\u00e8re croix \u00e0 la derni\u00e8re, gr\u00e2ce&hellip;","og_url":"https:\/\/lesptitescroixdemagalie.fr\/index.php\/blog\/","og_site_name":"Les p\u2018tites croix de Magalie par Magalie Vincendon","article_modified_time":"2021-09-11T20:43:37+00:00","og_image":[{"url":"https:\/\/lesptitescroixdemagalie.fr\/wp-content\/uploads\/2019\/12\/Photosphere-1-1024x683.jpg","type":"","width":"","height":""}],"twitter_card":"summary_large_image","twitter_misc":{"Dur\u00e9e de lecture estim\u00e9e":"2 minutes"},"schema":{"@context":"https:\/\/schema.org","@graph":[{"@type":"WebPage","@id":"https:\/\/lesptitescroixdemagalie.fr\/index.php\/blog\/","url":"https:\/\/lesptitescroixdemagalie.fr\/index.php\/blog\/","name":"Blog - Les p\u2018tites croix de Magalie par Magalie Vincendon","isPartOf":{"@id":"https:\/\/lesptitescroixdemagalie.fr\/#website"},"primaryImageOfPage":{"@id":"https:\/\/lesptitescroixdemagalie.fr\/index.php\/blog\/#primaryimage"},"image":{"@id":"https:\/\/lesptitescroixdemagalie.fr\/index.php\/blog\/#primaryimage"},"thumbnailUrl":"https:\/\/lesptitescroixdemagalie.fr\/wp-content\/uploads\/2019\/12\/Photosphere-1-1024x683.jpg","datePublished":"2019-12-08T14:00:03+00:00","dateModified":"2021-09-11T20:43:37+00:00","breadcrumb":{"@id":"https:\/\/lesptitescroixdemagalie.fr\/index.php\/blog\/#breadcrumb"},"inLanguage":"fr-FR","potentialAction":[{"@type":"ReadAction","target":["https:\/\/lesptitescroixdemagalie.fr\/index.php\/blog\/"]}]},{"@type":"ImageObject","inLanguage":"fr-FR","@id":"https:\/\/lesptitescroixdemagalie.fr\/index.php\/blog\/#primaryimage","url":"https:\/\/lesptitescroixdemagalie.fr\/wp-content\/uploads\/2019\/12\/Photosphere-1.jpg","contentUrl":"https:\/\/lesptitescroixdemagalie.fr\/wp-content\/uploads\/2019\/12\/Photosphere-1.jpg","width":1200,"height":800},{"@type":"BreadcrumbList","@id":"https:\/\/lesptitescroixdemagalie.fr\/index.php\/blog\/#breadcrumb","itemListElement":[{"@type":"ListItem","position":1,"name":"Accueil","item":"https:\/\/lesptitescroixdemagalie.fr\/"},{"@type":"ListItem","position":2,"name":"Blog"}]},{"@type":"WebSite","@id":"https:\/\/lesptitescroixdemagalie.fr\/#website","url":"https:\/\/lesptitescroixdemagalie.fr\/","name":"Les p\u2018tites croix de Magalie par Magalie Vincendon","description":"Point de croix, D\u00e9tente, Partage &amp; Bien-Etre","publisher":{"@id":"https:\/\/lesptitescroixdemagalie.fr\/#organization"},"potentialAction":[{"@type":"SearchAction","target":{"@type":"EntryPoint","urlTemplate":"https:\/\/lesptitescroixdemagalie.fr\/?s={search_term_string}"},"query-input":{"@type":"PropertyValueSpecification","valueRequired":true,"valueName":"search_term_string"}}],"inLanguage":"fr-FR"},{"@type":"Organization","@id":"https:\/\/lesptitescroixdemagalie.fr\/#organization","name":"Les p'tites croix de Magalie","url":"https:\/\/lesptitescroixdemagalie.fr\/","logo":{"@type":"ImageObject","inLanguage":"fr-FR","@id":"https:\/\/lesptitescroixdemagalie.fr\/#\/schema\/logo\/image\/","url":"https:\/\/lesptitescroixdemagalie.fr\/wp-content\/uploads\/2022\/07\/Logo-noir-fond-blanc.png","contentUrl":"https:\/\/lesptitescroixdemagalie.fr\/wp-content\/uploads\/2022\/07\/Logo-noir-fond-blanc.png","width":280,"height":350,"caption":"Les p'tites croix de Magalie"},"image":{"@id":"https:\/\/lesptitescroixdemagalie.fr\/#\/schema\/logo\/image\/"}}]}},"_links":{"self":[{"href":"https:\/\/lesptitescroixdemagalie.fr\/index.php\/wp-json\/wp\/v2\/pages\/1960","targetHints":{"allow":["GET"]}}],"collection":[{"href":"https:\/\/lesptitescroixdemagalie.fr\/index.php\/wp-json\/wp\/v2\/pages"}],"about":[{"href":"https:\/\/lesptitescroixdemagalie.fr\/index.php\/wp-json\/wp\/v2\/types\/page"}],"author":[{"embeddable":true,"href":"https:\/\/lesptitescroixdemagalie.fr\/index.php\/wp-json\/wp\/v2\/users\/1"}],"replies":[{"embeddable":true,"href":"https:\/\/lesptitescroixdemagalie.fr\/index.php\/wp-json\/wp\/v2\/comments?post=1960"}],"version-history":[{"count":35,"href":"https:\/\/lesptitescroixdemagalie.fr\/index.php\/wp-json\/wp\/v2\/pages\/1960\/revisions"}],"predecessor-version":[{"id":3722,"href":"https:\/\/lesptitescroixdemagalie.fr\/index.php\/wp-json\/wp\/v2\/pages\/1960\/revisions\/3722"}],"wp:attachment":[{"href":"https:\/\/lesptitescroixdemagalie.fr\/index.php\/wp-json\/wp\/v2\/media?parent=1960"}],"curies":[{"name":"wp","href":"https:\/\/api.w.org\/{rel}","templated":true}]}}