{"id":1693,"date":"2020-02-23T18:28:05","date_gmt":"2020-02-23T17:28:05","guid":{"rendered":"http:\/\/soledad.pencidesign.com\/soledad-elegant-blog\/?page_id=6"},"modified":"2020-07-11T21:20:50","modified_gmt":"2020-07-11T19:20:50","slug":"about","status":"publish","type":"page","link":"https:\/\/lesptitescroixdemagalie.fr\/index.php\/about\/","title":{"rendered":"A propos"},"content":{"rendered":"\n<h4 class=\"has-text-align-center wp-block-heading\"> <strong>Le point de croix est ma passion et je souhaite la partager avec vous. <\/strong><br><strong>A travers son apprentissage, je vous apporte un moment de d\u00e9tente, un vrai moment pour vous et une ouverture vers le bien\u2013\u00eatre.<\/strong> <br><br><\/h4>\n\n\n\n<div class=\"wp-block-image\"><figure class=\"aligncenter size-medium\"><img fetchpriority=\"high\" decoding=\"async\" width=\"254\" height=\"300\" src=\"https:\/\/lesptitescroixdemagalie.fr\/wp-content\/uploads\/2020\/02\/Marine-Forabosco-Photographe-portrait-254x300.jpg\" alt=\"\" class=\"wp-image-2091\" srcset=\"https:\/\/lesptitescroixdemagalie.fr\/wp-content\/uploads\/2020\/02\/Marine-Forabosco-Photographe-portrait-254x300.jpg 254w, https:\/\/lesptitescroixdemagalie.fr\/wp-content\/uploads\/2020\/02\/Marine-Forabosco-Photographe-portrait-600x708.jpg 600w, https:\/\/lesptitescroixdemagalie.fr\/wp-content\/uploads\/2020\/02\/Marine-Forabosco-Photographe-portrait-867x1024.jpg 867w, https:\/\/lesptitescroixdemagalie.fr\/wp-content\/uploads\/2020\/02\/Marine-Forabosco-Photographe-portrait-768x907.jpg 768w, https:\/\/lesptitescroixdemagalie.fr\/wp-content\/uploads\/2020\/02\/Marine-Forabosco-Photographe-portrait-1301x1536.jpg 1301w, https:\/\/lesptitescroixdemagalie.fr\/wp-content\/uploads\/2020\/02\/Marine-Forabosco-Photographe-portrait-1170x1381.jpg 1170w, https:\/\/lesptitescroixdemagalie.fr\/wp-content\/uploads\/2020\/02\/Marine-Forabosco-Photographe-portrait-585x691.jpg 585w, https:\/\/lesptitescroixdemagalie.fr\/wp-content\/uploads\/2020\/02\/Marine-Forabosco-Photographe-portrait.jpg 1363w\" sizes=\"(max-width: 254px) 100vw, 254px\" \/><\/figure><\/div>\n\n\n\n<p class=\"has-normal-font-size\"><br>Bonjour, je suis Magalie Vincendon, j\u2019habite la r\u00e9gion parisienne, je suis mari\u00e9e et maman d\u2019une petite Ashley qui a chang\u00e9 ma vie et qui m\u2019a permis d\u2019\u00eatre parmi vous. \ud83d\udc68\u200d\ud83d\udc69\u200d\ud83d\udc67<br>En effet, comme pour beaucoup de femme, la maternit\u00e9 m\u2019a compl\u00e8tement chamboul\u00e9e&nbsp;! <br>Cela m\u2019a permis de prendre du recul, surtout de voir certaines choses diff\u00e9remment et de porter plus d\u2019attention \u00e0 d\u2019autres.<br><\/p>\n\n\n\n<p class=\"has-normal-font-size\"><br>Je suis salari\u00e9e depuis plus de 15 ans dans la fonction publique sur un poste o\u00f9 j\u2019ai plusieurs activit\u00e9s ce qui me plait \u00e9norm\u00e9ment.<br>J\u2019aime mon travail car il me permet d\u2019\u00eatre en contact avec le public, d\u2019aider les personnes en les dirigeants, les conseillant et les \u00e9coutant dans les moments un peu difficiles. <br><\/p>\n\n\n\n<p class=\"has-normal-font-size\"><br>Mon projet est d\u2019aider les femmes (ou les hommes) \u00e0 se sentir bien dans leur t\u00eate et leur environnement. Le bien-\u00eatre est quelque chose de tr\u00e8s important pour moi.<br>Cela passe notamment par le point de croix, l\u2019\u00e9coute et la pratique de diff\u00e9rentes activit\u00e9s de bien-\u00eatre que je serai heureuse de partager avec vous. \ud83d\udeb6\u200d \ud83d\udc86\u200d \ud83d\udecc \ud83e\uddd8\u200d<br>J\u2019ai longtemps cherch\u00e9 \u00e0 avoir une meilleure qualit\u00e9 de vie, une sensation de bien-\u00eatre au quotidien, des moments o\u00f9 le temps s\u2019arr\u00eate pendant lesquels je savoure, je m\u00e9dite ou\u2026 je fais du point de croix&nbsp;! \ud83d\ude0b <br><br><\/p>\n\n\n\n<div class=\"wp-block-image is-style-rounded\"><figure class=\"aligncenter size-medium is-resized\"><img decoding=\"async\" src=\"https:\/\/lesptitescroixdemagalie.fr\/wp-content\/uploads\/2020\/05\/Egypte-188x300.png\" alt=\"Egypte\" class=\"wp-image-2243\" width=\"130\" height=\"207\" srcset=\"https:\/\/lesptitescroixdemagalie.fr\/wp-content\/uploads\/2020\/05\/Egypte-188x300.png 188w, https:\/\/lesptitescroixdemagalie.fr\/wp-content\/uploads\/2020\/05\/Egypte-600x956.png 600w, https:\/\/lesptitescroixdemagalie.fr\/wp-content\/uploads\/2020\/05\/Egypte-642x1024.png 642w, https:\/\/lesptitescroixdemagalie.fr\/wp-content\/uploads\/2020\/05\/Egypte-768x1224.png 768w, https:\/\/lesptitescroixdemagalie.fr\/wp-content\/uploads\/2020\/05\/Egypte-964x1536.png 964w, https:\/\/lesptitescroixdemagalie.fr\/wp-content\/uploads\/2020\/05\/Egypte-1285x2048.png 1285w, https:\/\/lesptitescroixdemagalie.fr\/wp-content\/uploads\/2020\/05\/Egypte-1170x1865.png 1170w, https:\/\/lesptitescroixdemagalie.fr\/wp-content\/uploads\/2020\/05\/Egypte-585x932.png 585w, https:\/\/lesptitescroixdemagalie.fr\/wp-content\/uploads\/2020\/05\/Egypte.png 1854w\" sizes=\"(max-width: 130px) 100vw, 130px\" \/><\/figure><\/div>\n\n\n\n<p class=\"has-text-align-left has-normal-font-size\"><br>Ma m\u00e8re, qui \u00e9tait aide-soignante aupr\u00e8s des enfants pendant longtemps, nous a enseign\u00e9 \u00e0 ma s\u0153ur et moi toutes sortes d\u2019activit\u00e9s manuelles notamment celles li\u00e9es au \u00ab&nbsp;fil&nbsp;\u00bb. Je me souviens que nous avions de nouvelles tenues \u00ab&nbsp;fait main&nbsp;\u00bb toutes les semaines.<\/p>\n\n\n\n<p style=\"font-size:15px\" class=\"has-text-align-center\"><em>Je la sentais tout \u00e0 fait <strong>heureuse<\/strong> et <strong>\u00e9panouie<\/strong> dans ces moments-l\u00e0.<br><strong>C\u2019est exactement ce sentiment que je recherche et que je veux vous transmettre.<\/strong><\/em><\/p>\n\n\n\n<p class=\"has-text-align-left has-normal-font-size\">J\u2019ai un petit penchant pour le point de croix mais je suis pr\u00eate \u00e0 d\u00e9couvrir et vous faire d\u00e9couvrir d\u2019autres activit\u00e9s et d\u2019autres domaines.<br>Le partage est tr\u00e8s important pour moi et le m\u00e9lange aussi ! \ud83e\udd84<\/p>\n\n\n\n<p class=\"has-text-align-left has-normal-font-size\">Souhaitez-vous m\u2019accompagner dans cette aventure&nbsp;? Je l\u2019esp\u00e8re&nbsp;!!<br>@ tr\u00e8s vite&nbsp;! <\/p>\n","protected":false},"excerpt":{"rendered":"<p>Le point de croix est ma passion et je souhaite la partager avec vous. A travers&hellip;<\/p>\n","protected":false},"author":1,"featured_media":0,"parent":0,"menu_order":0,"comment_status":"closed","ping_status":"closed","template":"page-penci-full-width.php","meta":{"inline_featured_image":false,"_monsterinsights_skip_tracking":false,"_monsterinsights_sitenote_active":false,"_monsterinsights_sitenote_note":"","_monsterinsights_sitenote_category":0,"footnotes":""},"class_list":["post-1693","page","type-page","status-publish","hentry"],"yoast_head":"<!-- This site is optimized with the Yoast SEO plugin v27.5 - https:\/\/yoast.com\/product\/yoast-seo-wordpress\/ -->\n<title>A propos - Les p\u2018tites croix de Magalie par Magalie Vincendon<\/title>\n<meta name=\"robots\" content=\"index, follow, max-snippet:-1, max-image-preview:large, max-video-preview:-1\" \/>\n<link rel=\"canonical\" href=\"https:\/\/lesptitescroixdemagalie.fr\/index.php\/about\/\" \/>\n<meta property=\"og:locale\" content=\"fr_FR\" \/>\n<meta property=\"og:type\" content=\"article\" \/>\n<meta property=\"og:title\" content=\"A propos - Les p\u2018tites croix de Magalie par Magalie Vincendon\" \/>\n<meta property=\"og:description\" content=\"Le point de croix est ma passion et je souhaite la partager avec vous. A travers&hellip;\" \/>\n<meta property=\"og:url\" content=\"https:\/\/lesptitescroixdemagalie.fr\/index.php\/about\/\" \/>\n<meta property=\"og:site_name\" content=\"Les p\u2018tites croix de Magalie par Magalie Vincendon\" \/>\n<meta property=\"article:modified_time\" content=\"2020-07-11T19:20:50+00:00\" \/>\n<meta property=\"og:image\" content=\"https:\/\/lesptitescroixdemagalie.fr\/wp-content\/uploads\/2020\/02\/Marine-Forabosco-Photographe-portrait-254x300.jpg\" \/>\n<meta name=\"twitter:card\" content=\"summary_large_image\" \/>\n<meta name=\"twitter:label1\" content=\"Dur\u00e9e de lecture estim\u00e9e\" \/>\n\t<meta name=\"twitter:data1\" content=\"2 minutes\" \/>\n<script type=\"application\/ld+json\" class=\"yoast-schema-graph\">{\"@context\":\"https:\\\/\\\/schema.org\",\"@graph\":[{\"@type\":\"WebPage\",\"@id\":\"https:\\\/\\\/lesptitescroixdemagalie.fr\\\/index.php\\\/about\\\/\",\"url\":\"https:\\\/\\\/lesptitescroixdemagalie.fr\\\/index.php\\\/about\\\/\",\"name\":\"A propos - Les p\u2018tites croix de Magalie par Magalie Vincendon\",\"isPartOf\":{\"@id\":\"https:\\\/\\\/lesptitescroixdemagalie.fr\\\/#website\"},\"primaryImageOfPage\":{\"@id\":\"https:\\\/\\\/lesptitescroixdemagalie.fr\\\/index.php\\\/about\\\/#primaryimage\"},\"image\":{\"@id\":\"https:\\\/\\\/lesptitescroixdemagalie.fr\\\/index.php\\\/about\\\/#primaryimage\"},\"thumbnailUrl\":\"https:\\\/\\\/lesptitescroixdemagalie.fr\\\/wp-content\\\/uploads\\\/2020\\\/02\\\/Marine-Forabosco-Photographe-portrait-254x300.jpg\",\"datePublished\":\"2020-02-23T17:28:05+00:00\",\"dateModified\":\"2020-07-11T19:20:50+00:00\",\"breadcrumb\":{\"@id\":\"https:\\\/\\\/lesptitescroixdemagalie.fr\\\/index.php\\\/about\\\/#breadcrumb\"},\"inLanguage\":\"fr-FR\",\"potentialAction\":[{\"@type\":\"ReadAction\",\"target\":[\"https:\\\/\\\/lesptitescroixdemagalie.fr\\\/index.php\\\/about\\\/\"]}]},{\"@type\":\"ImageObject\",\"inLanguage\":\"fr-FR\",\"@id\":\"https:\\\/\\\/lesptitescroixdemagalie.fr\\\/index.php\\\/about\\\/#primaryimage\",\"url\":\"https:\\\/\\\/lesptitescroixdemagalie.fr\\\/wp-content\\\/uploads\\\/2020\\\/02\\\/Marine-Forabosco-Photographe-portrait.jpg\",\"contentUrl\":\"https:\\\/\\\/lesptitescroixdemagalie.fr\\\/wp-content\\\/uploads\\\/2020\\\/02\\\/Marine-Forabosco-Photographe-portrait.jpg\",\"width\":1363,\"height\":1609},{\"@type\":\"BreadcrumbList\",\"@id\":\"https:\\\/\\\/lesptitescroixdemagalie.fr\\\/index.php\\\/about\\\/#breadcrumb\",\"itemListElement\":[{\"@type\":\"ListItem\",\"position\":1,\"name\":\"Accueil\",\"item\":\"https:\\\/\\\/lesptitescroixdemagalie.fr\\\/\"},{\"@type\":\"ListItem\",\"position\":2,\"name\":\"A propos\"}]},{\"@type\":\"WebSite\",\"@id\":\"https:\\\/\\\/lesptitescroixdemagalie.fr\\\/#website\",\"url\":\"https:\\\/\\\/lesptitescroixdemagalie.fr\\\/\",\"name\":\"Les p\u2018tites croix de Magalie par Magalie Vincendon\",\"description\":\"Point de croix, D\u00e9tente, Partage &amp; Bien-Etre\",\"publisher\":{\"@id\":\"https:\\\/\\\/lesptitescroixdemagalie.fr\\\/#organization\"},\"potentialAction\":[{\"@type\":\"SearchAction\",\"target\":{\"@type\":\"EntryPoint\",\"urlTemplate\":\"https:\\\/\\\/lesptitescroixdemagalie.fr\\\/?s={search_term_string}\"},\"query-input\":{\"@type\":\"PropertyValueSpecification\",\"valueRequired\":true,\"valueName\":\"search_term_string\"}}],\"inLanguage\":\"fr-FR\"},{\"@type\":\"Organization\",\"@id\":\"https:\\\/\\\/lesptitescroixdemagalie.fr\\\/#organization\",\"name\":\"Les p'tites croix de Magalie\",\"url\":\"https:\\\/\\\/lesptitescroixdemagalie.fr\\\/\",\"logo\":{\"@type\":\"ImageObject\",\"inLanguage\":\"fr-FR\",\"@id\":\"https:\\\/\\\/lesptitescroixdemagalie.fr\\\/#\\\/schema\\\/logo\\\/image\\\/\",\"url\":\"https:\\\/\\\/lesptitescroixdemagalie.fr\\\/wp-content\\\/uploads\\\/2022\\\/07\\\/Logo-noir-fond-blanc.png\",\"contentUrl\":\"https:\\\/\\\/lesptitescroixdemagalie.fr\\\/wp-content\\\/uploads\\\/2022\\\/07\\\/Logo-noir-fond-blanc.png\",\"width\":280,\"height\":350,\"caption\":\"Les p'tites croix de Magalie\"},\"image\":{\"@id\":\"https:\\\/\\\/lesptitescroixdemagalie.fr\\\/#\\\/schema\\\/logo\\\/image\\\/\"}}]}<\/script>\n<!-- \/ Yoast SEO plugin. -->","yoast_head_json":{"title":"A propos - Les p\u2018tites croix de Magalie par Magalie Vincendon","robots":{"index":"index","follow":"follow","max-snippet":"max-snippet:-1","max-image-preview":"max-image-preview:large","max-video-preview":"max-video-preview:-1"},"canonical":"https:\/\/lesptitescroixdemagalie.fr\/index.php\/about\/","og_locale":"fr_FR","og_type":"article","og_title":"A propos - Les p\u2018tites croix de Magalie par Magalie Vincendon","og_description":"Le point de croix est ma passion et je souhaite la partager avec vous. A travers&hellip;","og_url":"https:\/\/lesptitescroixdemagalie.fr\/index.php\/about\/","og_site_name":"Les p\u2018tites croix de Magalie par Magalie Vincendon","article_modified_time":"2020-07-11T19:20:50+00:00","og_image":[{"url":"https:\/\/lesptitescroixdemagalie.fr\/wp-content\/uploads\/2020\/02\/Marine-Forabosco-Photographe-portrait-254x300.jpg","type":"","width":"","height":""}],"twitter_card":"summary_large_image","twitter_misc":{"Dur\u00e9e de lecture estim\u00e9e":"2 minutes"},"schema":{"@context":"https:\/\/schema.org","@graph":[{"@type":"WebPage","@id":"https:\/\/lesptitescroixdemagalie.fr\/index.php\/about\/","url":"https:\/\/lesptitescroixdemagalie.fr\/index.php\/about\/","name":"A propos - Les p\u2018tites croix de Magalie par Magalie Vincendon","isPartOf":{"@id":"https:\/\/lesptitescroixdemagalie.fr\/#website"},"primaryImageOfPage":{"@id":"https:\/\/lesptitescroixdemagalie.fr\/index.php\/about\/#primaryimage"},"image":{"@id":"https:\/\/lesptitescroixdemagalie.fr\/index.php\/about\/#primaryimage"},"thumbnailUrl":"https:\/\/lesptitescroixdemagalie.fr\/wp-content\/uploads\/2020\/02\/Marine-Forabosco-Photographe-portrait-254x300.jpg","datePublished":"2020-02-23T17:28:05+00:00","dateModified":"2020-07-11T19:20:50+00:00","breadcrumb":{"@id":"https:\/\/lesptitescroixdemagalie.fr\/index.php\/about\/#breadcrumb"},"inLanguage":"fr-FR","potentialAction":[{"@type":"ReadAction","target":["https:\/\/lesptitescroixdemagalie.fr\/index.php\/about\/"]}]},{"@type":"ImageObject","inLanguage":"fr-FR","@id":"https:\/\/lesptitescroixdemagalie.fr\/index.php\/about\/#primaryimage","url":"https:\/\/lesptitescroixdemagalie.fr\/wp-content\/uploads\/2020\/02\/Marine-Forabosco-Photographe-portrait.jpg","contentUrl":"https:\/\/lesptitescroixdemagalie.fr\/wp-content\/uploads\/2020\/02\/Marine-Forabosco-Photographe-portrait.jpg","width":1363,"height":1609},{"@type":"BreadcrumbList","@id":"https:\/\/lesptitescroixdemagalie.fr\/index.php\/about\/#breadcrumb","itemListElement":[{"@type":"ListItem","position":1,"name":"Accueil","item":"https:\/\/lesptitescroixdemagalie.fr\/"},{"@type":"ListItem","position":2,"name":"A propos"}]},{"@type":"WebSite","@id":"https:\/\/lesptitescroixdemagalie.fr\/#website","url":"https:\/\/lesptitescroixdemagalie.fr\/","name":"Les p\u2018tites croix de Magalie par Magalie Vincendon","description":"Point de croix, D\u00e9tente, Partage &amp; Bien-Etre","publisher":{"@id":"https:\/\/lesptitescroixdemagalie.fr\/#organization"},"potentialAction":[{"@type":"SearchAction","target":{"@type":"EntryPoint","urlTemplate":"https:\/\/lesptitescroixdemagalie.fr\/?s={search_term_string}"},"query-input":{"@type":"PropertyValueSpecification","valueRequired":true,"valueName":"search_term_string"}}],"inLanguage":"fr-FR"},{"@type":"Organization","@id":"https:\/\/lesptitescroixdemagalie.fr\/#organization","name":"Les p'tites croix de Magalie","url":"https:\/\/lesptitescroixdemagalie.fr\/","logo":{"@type":"ImageObject","inLanguage":"fr-FR","@id":"https:\/\/lesptitescroixdemagalie.fr\/#\/schema\/logo\/image\/","url":"https:\/\/lesptitescroixdemagalie.fr\/wp-content\/uploads\/2022\/07\/Logo-noir-fond-blanc.png","contentUrl":"https:\/\/lesptitescroixdemagalie.fr\/wp-content\/uploads\/2022\/07\/Logo-noir-fond-blanc.png","width":280,"height":350,"caption":"Les p'tites croix de Magalie"},"image":{"@id":"https:\/\/lesptitescroixdemagalie.fr\/#\/schema\/logo\/image\/"}}]}},"_links":{"self":[{"href":"https:\/\/lesptitescroixdemagalie.fr\/index.php\/wp-json\/wp\/v2\/pages\/1693","targetHints":{"allow":["GET"]}}],"collection":[{"href":"https:\/\/lesptitescroixdemagalie.fr\/index.php\/wp-json\/wp\/v2\/pages"}],"about":[{"href":"https:\/\/lesptitescroixdemagalie.fr\/index.php\/wp-json\/wp\/v2\/types\/page"}],"author":[{"embeddable":true,"href":"https:\/\/lesptitescroixdemagalie.fr\/index.php\/wp-json\/wp\/v2\/users\/1"}],"replies":[{"embeddable":true,"href":"https:\/\/lesptitescroixdemagalie.fr\/index.php\/wp-json\/wp\/v2\/comments?post=1693"}],"version-history":[{"count":14,"href":"https:\/\/lesptitescroixdemagalie.fr\/index.php\/wp-json\/wp\/v2\/pages\/1693\/revisions"}],"predecessor-version":[{"id":2354,"href":"https:\/\/lesptitescroixdemagalie.fr\/index.php\/wp-json\/wp\/v2\/pages\/1693\/revisions\/2354"}],"wp:attachment":[{"href":"https:\/\/lesptitescroixdemagalie.fr\/index.php\/wp-json\/wp\/v2\/media?parent=1693"}],"curies":[{"name":"wp","href":"https:\/\/api.w.org\/{rel}","templated":true}]}}