{"version":"1.0","provider_name":"Les p\u2018tites croix de Magalie par Magalie Vincendon","provider_url":"https:\/\/lesptitescroixdemagalie.fr","author_name":"Magalie","author_url":"https:\/\/lesptitescroixdemagalie.fr\/index.php\/author\/admin2516\/","title":"Couverture Emma - Les p\u2018tites croix de Magalie par Magalie Vincendon","type":"rich","width":600,"height":338,"html":"<blockquote class=\"wp-embedded-content\" data-secret=\"B1i1VlZuXs\"><a href=\"https:\/\/lesptitescroixdemagalie.fr\/index.php\/2022\/03\/27\/couverture-emma\/\">Couverture Emma<\/a><\/blockquote><iframe sandbox=\"allow-scripts\" security=\"restricted\" src=\"https:\/\/lesptitescroixdemagalie.fr\/index.php\/2022\/03\/27\/couverture-emma\/embed\/#?secret=B1i1VlZuXs\" width=\"600\" height=\"338\" title=\"\u00ab\u00a0Couverture Emma\u00a0\u00bb &#8212; Les p\u2018tites croix de Magalie par Magalie Vincendon\" data-secret=\"B1i1VlZuXs\" frameborder=\"0\" marginwidth=\"0\" marginheight=\"0\" scrolling=\"no\" class=\"wp-embedded-content\"><\/iframe><script type=\"text\/javascript\">\n\/* <![CDATA[ *\/\n\/*! This file is auto-generated *\/\n!function(d,l){\"use strict\";l.querySelector&&d.addEventListener&&\"undefined\"!=typeof URL&&(d.wp=d.wp||{},d.wp.receiveEmbedMessage||(d.wp.receiveEmbedMessage=function(e){var t=e.data;if((t||t.secret||t.message||t.value)&&!\/[^a-zA-Z0-9]\/.test(t.secret)){for(var s,r,n,a=l.querySelectorAll('iframe[data-secret=\"'+t.secret+'\"]'),o=l.querySelectorAll('blockquote[data-secret=\"'+t.secret+'\"]'),c=new RegExp(\"^https?:$\",\"i\"),i=0;i<o.length;i++)o[i].style.display=\"none\";for(i=0;i<a.length;i++)s=a[i],e.source===s.contentWindow&&(s.removeAttribute(\"style\"),\"height\"===t.message?(1e3<(r=parseInt(t.value,10))?r=1e3:~~r<200&&(r=200),s.height=r):\"link\"===t.message&&(r=new URL(s.getAttribute(\"src\")),n=new URL(t.value),c.test(n.protocol))&&n.host===r.host&&l.activeElement===s&&(d.top.location.href=t.value))}},d.addEventListener(\"message\",d.wp.receiveEmbedMessage,!1),l.addEventListener(\"DOMContentLoaded\",function(){for(var e,t,s=l.querySelectorAll(\"iframe.wp-embedded-content\"),r=0;r<s.length;r++)(t=(e=s[r]).getAttribute(\"data-secret\"))||(t=Math.random().toString(36).substring(2,12),e.src+=\"#?secret=\"+t,e.setAttribute(\"data-secret\",t)),e.contentWindow.postMessage({message:\"ready\",secret:t},\"*\")},!1)))}(window,document);\n\/\/# sourceURL=https:\/\/lesptitescroixdemagalie.fr\/wp-includes\/js\/wp-embed.min.js\n\/* ]]> *\/\n<\/script>\n","thumbnail_url":"https:\/\/lesptitescroixdemagalie.fr\/wp-content\/uploads\/2020\/07\/img20200705_10471496_page-0001-01.jpeg","thumbnail_width":511,"thumbnail_height":633,"description":"Superbe ouvrage cette deuxi\u00e8me couverture\u00a0! En la revoyant, je n\u2019en reviens toujours pas, c\u2019est moi qui l\u2019ai faite\u00a0! C\u2019\u00e9tait un cadeau de naissance pour une petite-cousine, ma premi\u00e8re ... Venez d\u00e9couvrir la suite de l'histoire de la couverture Emma au point de croix sur le blog \" Les p'tites croix de Magalie \" sur l'apprentissage et le partage de la broderie au point de croix. @ tr\u00e8s vite !"}

Superbe ouvrage cette deuxième couverture ! En la revoyant, je n’en reviens toujours pas, c’est moi qui l’ai faite ! C’était un cadeau de naissance pour une petite-cousine, ma première ... Venez découvrir la suite de l'histoire de la couverture Emma au point de croix sur le blog " Les p'tites croix de Magalie " sur l'apprentissage et le partage de la broderie au point de croix. @ très vite !
